t is the units digit of 14?
4
What is the thousands digit of 42781?
2
What is the hundreds digit of 9664?
6
What is the ten thousands digit of 25016?
2
What is the tens digit of 758?
5
What is the ten thousands digit of 34390?
3
What is the ten thousands digit of 15611?
1
What is the hundreds digit of 1377?
3
What is the tens digit of 3636?
3
What is the hundreds digit of 604?
6
What is the units digit of 1247?
7
What is the units digit of 6290?
0
What is the hundreds digit of 9169?
1
What is the tens digit of 48608?
0
What is the tens digit of 1009?
0
What is the units digit of 365?
5
What is the tens digit of 724?
2
What is the units digit of 2495?
5
What is the thousands digit of 2615?
2
What is the units digit of 1352?
2
What is the hundreds digit of 652?
6
What is the ten thousands digit of 26832?
2
What is the units digit of 9617?
7
What is the thousands digit of 5869?
5
What is the hundreds digit of 3212?
2
What is the tens digit of 5938?
3
What is the thousands digit of 31363?
1
What is the tens digit of 981?
8
What is the units digit of 23792?
2
What is the units digit of 28341?
1
What is the hundreds digit of 3884?
8
What is the thousands digit of 10813?
0
What is the ten thousands digit of 10469?
1
What is the tens digit of 1493?
9
What is the tens digit of 290?
9
What is the hundreds digit of 714?
7
What is the ten thousands digit of 31344?
3
What is the hundreds digit of 667?
6
What is the ten thousands digit of 14378?
1
What is the tens digit of 909?
0
What is the thousands digit of 5638?
5
What is the hundreds digit of 30987?
9
What is the tens digit of 12652?
5
What is the units digit of 796?
6
What is the tens digit of 8221?
2
What is the tens digit of 8202?
0
What is the thousands digit of 25107?
5
What is the thousands digit of 39176?
9
What is the thousands digit of 1093?
1
What is the ten thousands digit of 42639?
4
What is the thousands digit of 35765?
5
What is the units digit of 1193?
3
What is the hundred thousands digit of 123401?
1
What is the hundreds digit of 537?
5
What is the units digit of 1495?
5
What is the units digit of 9180?
0
What is the units digit of 4311?
1
What is the units digit of 510?
0
What is the hundreds digit of 176?
1
What is the thousands digit of 1948?
1
What is the thousands digit of 1100?
1
What is the hundreds digit of 1459?
4
What is the hundreds digit of 918?
9
What is the ten thousands digit of 24814?
2
What is the thousands digit of 31591?
1
What is the units digit of 3578?
8
What is the tens digit of 1654?
5
What is the hundreds digit of 20226?
2
What is the ten thousands digit of 46137?
4
What is the units digit of 946?
6
What is the units digit of 1002?
2
What is the hundreds digit of 58081?
0
What is the hundreds digit of 780?
7
What is the thousands digit of 7572?
7
What is the tens digit of 22087?
8
What is the tens digit of 3073?
7
What is the units digit of 35512?
2
What is the units digit of 2200?
0
What is the tens digit of 1300?
0
What is the hundreds digit of 10374?
3
What is the tens digit of 1055?
5
What is the tens digit of 115952?
5
What is the hundreds digit of 34168?
1
What is the hundreds digit of 20056?
0
What is the tens digit of 43911?
1
What is the thousands digit of 8250?
8
What is the units digit of 33931?
1
What is the tens digit of 693?
9
What is the tens digit of 269?
6
What is the units digit of 403?
3
What is the thousands digit of 91104?
1
What is the hundreds digit of 2191?
1
What is the hundreds digit of 761?
7
What is the tens digit of 367?
6
What is the tens digit of 424?
2
What is the units digit of 71796?
6
What is the thousands digit of 1052?
1
What is the tens digit of 3868?
6
What is the hundreds digit of 921?
9
What is the ten thousands digit of 32114?
3
What is the hundreds digit of 115669?
6
What is the tens digit of 1320?
2
What is the thousands digit of 4289?
4
What is the hundreds digit of 301?
3
What is the tens digit of 1025?
2
What is the units digit of 600?
0
What is the hundreds digit of 27946?
9
What is the hundreds digit of 489?
4
What is the hundreds digit of 4969?
9
What is the ten thousands digit of 128983?
2
What is the tens digit of 38863?
6
What is the tens digit of 650?
5
What is the hundreds digit of 2103?
1
What is the units digit of 1102?
2
What is the tens digit of 19217?
1
What is the thousands digit of 19960?
9
What is the thousands digit of 2628?
2
What is the tens digit of 1920?
2
What is the hundreds digit of 5508?
5
What is the hundreds digit of 6057?
0
What is the tens digit of 68354?
5
What is the thousands digit of 4088?
4
What is the thousands digit of 2039?
2
What is the tens digit of 6138?
3
What is the hundreds digit of 4093?
0
What is the hundreds digit of 13570?
5
What is the ten thousands digit of 68013?
6
What is the hundreds digit of 4442?
4
What is the hundreds digit of 861?
8
What is the tens digit of 55?
5
What is the units digit of 4253?
3
What is the hundreds digit of 48463?
4
What is the units digit of 67908?
8
What is the hundreds digit of 1359?
3
What is the units digit of 207?
7
What is the tens digit of 800?
0
What is the hundreds digit of 52878?
8
What is the hundreds digit of 5104?
1
What is the ten thousands digit of 16919?
1
What is the units digit of 2024?
4
What is the thousands digit of 5207?
5
What is the hundreds digit of 727?
7
What is the tens digit of 1725?
2
What is the hundreds digit of 97531?
5
What is the hundreds digit of 21437?
4
What is the units digit of 3450?
0
What is the thousands digit of 2879?
2
What is the units digit of 176?
6
What is the thousands digit of 4125?
4
What is the hundreds digit of 667?
6
What is the units digit of 3024?
4
What is the hundreds digit of 9369?
3
What is the ten thousands digit of 31966?
3
What is the thousands digit of 3421?
3
What is the hundreds digit of 237?
2
What is the units digit of 931?
1
What is the tens digit of 38?
3
What is the tens digit of 835?
3
What is the thousands digit of 9187?
9
What is the hundreds digit of 10481?
4
What is the hundreds digit of 6403?
4
What is the tens digit of 714?
1
What is the units digit of 2417?
7
What is the hundreds digit of 7547?
5
What is the units digit of 69164?
4
What is the tens digit of 930?
3
What is the units digit of 5742?
2
What is the thousands digit of 3052?
3
What is the units digit of 5731?
1
What is the thousands digit of 8293?
8
What is the hundreds digit of 1155?
1
What is the units digit of 73034?
4
What is the units digit of 1575?
5
What is the hundreds digit of 11987?
9
What is the ten thousands digit of 34131?
3
What is the thousands digit of 48305?
8
What is the hundreds digit of 79970?
9
What is the hundreds digit of 913?
9
What is the units digit of 3413?
3
What is the hundreds digit of 274?
2
What is the tens digit of 1955?
5
What is the thousands digit of 2825?
2
What is the hundreds digit of 4865?
8
What is the hundreds digit of 43104?
1
What is the units digit of 67130?
0
What is the units digit of 2549?
9
What is the ten thousands digit of 39874?
3
What is the thousands digit of 1173?
1
What is the tens digit of 39?
3
What is the hundreds digit of 236?
2
What is the units digit of 5014?
4
What is the thousands digit of 111860?
1
What is the thousands digit of 4386?
4
What is the hundreds digit of 17015?
0
What is the tens digit of 23183?
8
What is the units digit of 51506?
6
What is the thousands digit of 1217?
1
What is the hundreds digit of 4672?
6
What is the ten thousands digit of 14926?
1
What is the ten thousands digit of 111117?
1
What is the ten thousands digit of 46189?
4
What is the units digit of 22710?
0
What is the hundreds digit of 1363?
3
What is the hundreds digit of 1662?
6
What is the hundreds digit of 8169?
1
What is the ten thousands digit of 32073?
3
What is the tens digit of 41881?
8
What is the hundreds digit of 810?
8
What is the tens digit of 9040?
4
What is the ten thousands digit of 29694?
2
What is the hundreds digit of 519?
5
What is the thousands digit of 5366?
5
What is the units digit of 3240?
0
What is the tens digit of 2223?
2
What is the units digit of 45221?
1
What is the units digit of 79616?
6
What is the hundreds digit of 27628?
6
What is the tens digit of 743?
4
What is the hundreds digit of 470?
4
What is the units digit 